{"id":8928,"date":"2025-07-14T16:29:22","date_gmt":"2025-07-14T16:29:22","guid":{"rendered":"https:\/\/osecsas.co\/?post_type=product&#038;p=8928"},"modified":"2025-07-14T18:43:51","modified_gmt":"2025-07-14T18:43:51","slug":"operacion-remolque-aeronaves","status":"publish","type":"product","link":"https:\/\/osecsas.co\/?product=operacion-remolque-aeronaves","title":{"rendered":"Operaci\u00f3n Remolque Aeronaves"},"content":{"rendered":"<p>\u25aa Sensor 3D para remolque de aeronaves<br \/>\n\u25aa Evita con fiabilidad las colisiones con otros<br \/>\nveh\u00edculos en tierra y con la<br \/>\n\u25aa infraestructura aeroportuaria.<br \/>\n\u25aa Sistema de alarma que provee al conductor<br \/>\nde alarmas de colisi\u00f3n.<br \/>\n\u25aa Obst\u00e1culos son desplegados en la pantalla.<br \/>\n\u25aa Distancias seguras configurables.<br \/>\n\u25aa Auto diagn\u00f3stico para una f\u00e1cil detecci\u00f3n de<br \/>\nproblemas y mantenimiento.<br \/>\n\u25aa Integrado con nuestra plataforma de<br \/>\nmonitoreo.<\/p>\n","protected":false},"excerpt":{"rendered":"<p>\u25aa Sensor 3D para remolque de aeronaves<br \/>\n\u25aa Evita con fiabilidad las colisiones con otros<br \/>\nveh\u00edculos en tierra y con la<br \/>\n\u25aa infraestructura aeroportuaria.<br \/>\n\u25aa Sistema de alarma que provee al conductor<br \/>\nde alarmas de colisi\u00f3n.<br \/>\n\u25aa Obst\u00e1culos son desplegados en la pantalla.<br \/>\n\u25aa Distancias seguras configurables.<br \/>\n\u25aa Auto diagn\u00f3stico para una f\u00e1cil detecci\u00f3n de<br \/>\nproblemas y mantenimiento.<br \/>\n\u25aa Integrado con nuestra plataforma de<br \/>\nmonitoreo.<\/p>\n","protected":false},"featured_media":8929,"comment_status":"open","ping_status":"closed","template":"","meta":{"_joinchat":[]},"product_brand":[],"product_cat":[29],"product_tag":[88],"class_list":{"0":"post-8928","1":"product","2":"type-product","3":"status-publish","4":"has-post-thumbnail","6":"product_cat-start-smart","7":"product_tag-operacion-remolque-aeronaves","9":"first","10":"instock","11":"shipping-taxable","12":"product-type-simple"},"_links":{"self":[{"href":"https:\/\/osecsas.co\/index.php?rest_route=\/wp\/v2\/product\/8928","targetHints":{"allow":["GET"]}}],"collection":[{"href":"https:\/\/osecsas.co\/index.php?rest_route=\/wp\/v2\/product"}],"about":[{"href":"https:\/\/osecsas.co\/index.php?rest_route=\/wp\/v2\/types\/product"}],"replies":[{"embeddable":true,"href":"https:\/\/osecsas.co\/index.php?rest_route=%2Fwp%2Fv2%2Fcomments&post=8928"}],"version-history":[{"count":2,"href":"https:\/\/osecsas.co\/index.php?rest_route=\/wp\/v2\/product\/8928\/revisions"}],"predecessor-version":[{"id":9006,"href":"https:\/\/osecsas.co\/index.php?rest_route=\/wp\/v2\/product\/8928\/revisions\/9006"}],"wp:featuredmedia":[{"embeddable":true,"href":"https:\/\/osecsas.co\/index.php?rest_route=\/wp\/v2\/media\/8929"}],"wp:attachment":[{"href":"https:\/\/osecsas.co\/index.php?rest_route=%2Fwp%2Fv2%2Fmedia&parent=8928"}],"wp:term":[{"taxonomy":"product_brand","embeddable":true,"href":"https:\/\/osecsas.co\/index.php?rest_route=%2Fwp%2Fv2%2Fproduct_brand&post=8928"},{"taxonomy":"product_cat","embeddable":true,"href":"https:\/\/osecsas.co\/index.php?rest_route=%2Fwp%2Fv2%2Fproduct_cat&post=8928"},{"taxonomy":"product_tag","embeddable":true,"href":"https:\/\/osecsas.co\/index.php?rest_route=%2Fwp%2Fv2%2Fproduct_tag&post=8928"}],"curies":[{"name":"wp","href":"https:\/\/api.w.org\/{rel}","templated":true}]}}